20*h**6. Give w(-3).
6
Let j be (5 - (-4 - -156)) + 0. Let g be ((-9)/(-2))/(j/(-196)). Let o(r) = -2*r + 11. Let y(x) = -3*x + 23. Let q(v) = 5*o(v) - 2*y(v). What is q(g)?
-15
Let s(q) = -q**3 + 16*q**2 - 60*q + 10. Let v = 16084 + -16075. What is s(v)?
37
Let v(m) be the second derivative of m**4/12 + 3*m**3/2 + 8*m**2 + 14479*m. Calculate v(-8).
8
Let q(u) = 18*u + 4. Let w(i) = 68*i + 15. Let r(a) = a**3 + 10*a**2 + 3*a - 32. Let t be r(-9). Let s(b) = t*q(b) - 6*w(b). Calculate s(-2).
22
Let b(v) = 5*v - 1. Suppose -11*o - 127 + 391 = 0. Suppose 2*l - 2*m - o = 0, 2*l + 4 = -4*m + 10. Suppose -2*g - 3 = 5*u + l, 3*g - u = -1. Determine b(g).
-6
Let b(y) = y**3 - 36*y**2 - 12*y + 407. Let u be b(36). Let p(d) = d**3 + 25*d**2 - 2*d - 44. Determine p(u).
6
Let v(k) = 107*k**2 + 43*k - 36. Let s(d) = -29*d**2 - 11*d + 9. Let c(u) = -11*s(u) - 3*v(u). What is c(-5)?
-1
Suppose -200 + 45 = -31*m. Suppose -11*s = 4*a - 6*s - 35, 5*a + m*s - 40 = 0. Let r(g) = g**2 - 3*g - 6. Determine r(a).
4
Suppose 0 = -11*h + 18*h - 322. Suppose 2 = -16*y - h. Let l(t) be the third derivative of -t**5/60 - t**4/4 - t**3/2 - t**2. Determine l(y).
6
Let a be (-12)/7 + (-4)/14. Let u be (6/9)/(a/(-9)). Let o(h) = 15*h + 8. Let l(r) = -34*r - 19. Let v(g) = 4*l(g) + 9*o(g). Determine v(u).
-7
Let m(g) = -4*g + 20 + 3*g**2 - 5*g**2 - 2*g - 25. Suppose 5*p - 42 - 58 = 0. Suppose -3*b - 4*k - p = 2*b, -4*b - 16 = 4*k. Calculate m(b).
-13
Let d(r) be the first derivative of -171 + 4*r + 7/2*r**2 + 1/3*r**3. Suppose 4*k + 1 + 23 = 0. What is d(k)?
-2
Let y(p) = 3*p + 0*p**2 + 3 + 2*p**2 - 1 - 4*p. Let s be (2 + -6)*(0 + (-1)/2). Determine y(s).
8
Suppose w = 5*w - 68. Let t be (2/3)/((-23)/(2070/(-20))). Suppose 0 = -2*h - z - 4*z - w, t*h - 3*z - 6 = 0. Let a(o) = 8*o. Give a(h).
-8
Let z(x) be the first derivative of 7*x**4/4 + 2*x**3/3 + x**2/2 - 49. Let y be z(-1). Let g(f) = -f**3 - 7*f**2 - 8*f - 8. Determine g(y).
4
Suppose -6*a + 15 + 14 = 53. Let h(o) = o + 1. Determine h(a).
-3
Let l(z) = 10 + 3*z**2 - 7 - 8*z - 5 - z**2. Let s be 8/10*4/((-4)/(-5)). Give l(s).
-2
Let i(k) = k**3 + 45*k**2 + 43*k - 48. Let n be i(-44). Let f(h) = h**3 + 6*h**2 + 4*h - 1. Give f(n).
15
Let w(r) = -5*r - 31. Let h be w(-6). Let a be h*(-6)/15 - 279/(-15). Suppose -4*s - 10 = 2*t, s + a = -4*s + 4*t. Let k(x) = x - 1. What is k(s)?
-4
Let l(v) = -v**2 + 25*v - 44. Let f be l(23). Let i(o) = -o + 7 - o + o**f + 3*o + 1. Calculate i(0).
8
Let m(u) = 4*u. Let f be (1/1)/(1/5). Let k(n) = 2*n - 7357 + 7373 + n**3 - 4*n**2 - 10*n. Let h be k(f). What is m(h)?
4
Let w(u) = -37*u**2 - 59*u - 11. Let t(n) = 27*n**2 + 42*n + 8. Let v(g) = -11*t(g) - 8*w(g). Determine v(6).
24
Let q be 6*723/(-12)*-2. Suppose 717*y - q*y - 42 = 0. Let k(h) = h**3 + 7*h**2 - 4*h - 21. Determine k(y).
7
Let c(k) be the second derivative of 5/2*k**2 + 4/3*k**3 - 1/20*k**5 - 3*k - 63 + 2/3*k**4. Determine c(9).
-4
Let d = 83 + -80. Let y be (4 - 10)*7/(-3). Let v(g) = -g**d - y*g + 9 + 7*g**2 - 12 + 17*g. Give v(7).
18
Suppose -34 = 3*i - 2*w, 60*i - 65*i = -w + 38. Let m(f) = f - 3. Let t(a) = 3*a - 10. Let p(r) = -7*m(r) + 2*t(r). What is p(i)?
7
Let d(a) = 4*a**2 + 11*a + 10. Suppose -47*n = -35*n + 19*n + 124. What is d(n)?
30
Let d be (-4 + (-69)/(-15))*5. Suppose 2*x + 10 = -5*v, -6*x + x + 6 = -d*v. Let c(t) = 9*t - 18*t + 5 - t**3 + 4*t + 6*t. Give c(x).
5
Let i(f) = -f**3 - 7*f**2 + 2*f + 9. Suppose -t = -106 + 109, 5*q + 3*t = -39. Give i(q).
-39
Let j(r) be the second derivative of r**6/360 - r**5/30 + 11*r**4/6 - r**2/2 + 13*r - 2. Let k(o) be the third derivative of j(o). Calculate k(2).
0
Let h(r) be the second derivative of -4*r**3 - 235*r**2/2 + 6*r + 2. Let x be h(-10). Let w(y) = -3*y**2 - 2 + y**2 - 7*y + 3*y**2. What is w(x)?
-12
Let f(r) be the first derivative of r**2 + r + 310. Suppose 0*p = 5*p + 35. Let d(k) = -2*k. Let j(c) = p*f(c) - 6*d(c). Give j(-5).
3
Let g(c) = c**2 - c - 24. Suppose 4*x - 88 = -64. Suppose 19*a = x*a. Give g(a).
-24
Let a(z) = -z**3 + 16*z**2 - 20*z + 11. Let y(u) = -21*u + 855. Let b be y(40). Calculate a(b).
-64
Let o(u) = -912*u + 904*u - 9 + u**2 - 2*u**2 - 2*u**2 - 2. What is o(-3)?
-14
Let q(m) be the third derivative of 0*m + 1/6*m**3 + 5*m**2 + 1/24*m**4 + 3. Suppose -5*u - 43 + 8 = 0. What is q(u)?
-6
Let a(v) = -17*v - 17. Let g(o) = 16*o + 19. Let m(r) = 4*a(r) + 3*g(r). Determine m(-4).
69
Let g(k) = -132*k**2 - 131*k**2 + 389*k**2 - 4*k - 125*k**2 - 21. Calculate g(-4).
11
Let m(t) = 25*t + 87. Suppose -81*s - 8 = -79*s. Determine m(s).
-13
Suppose 4*c - h - 648 = -628, -h - 8 = 0. Let l(w) = 6*w**3 - 2*w**2 + 4*w - 5. Calculate l(c).
151
Suppose -2*w - 391 + 395 = -5*u, 25 = -5*u - 5*w. Let c(g) = g**3 + 4*g**2 - 5. Calculate c(u).
3
Suppose -5*z - 6 = -q, 6 = -3*q - 8*z + 11*z. Let b(r) = -27*r - 107. Calculate b(q).
1
Let v = -2233 + 2227. Let n(t) = -t**3 - 3*t**2 + 1 + 7*t - 2*t**2 + 4. Determine n(v).
-1
Let n(h) be the first derivative of h**3/3 + 7*h**2/2 - 8*h + 1844. Determine n(-6).
-14
Let s(n) = 3*n + 9. Suppose -41 = -p + 2*r - 50, -5*r = -3*p - 24. What is s(p)?
0
Let l(v) = v**3 - 27*v**2 + 61*v - 48. Let s be l(25). Suppose i + s - 231 = 0. Let q(n) = -n. Give q(i).
-4
Let k(s) be the third derivative of -3*s + s**2 + 0 - 1/2*s**3 - 1/24*s**4. Determine k(-3).
0
Let q(v) = v**2 - 4*v - 4. Let z be (-12)/(-7) - 2 - (-82)/(-7). Let x be z + 7/(42/54). Determine q(x).
17
Let f(i) be the third derivative of -i**6/720 + i**5/24 - i**4/4 + i**3/3 - i**2 + 2. Let n(a) be the second derivative of f(a). Give n(-4).
9
Let p be (-4 - -3)/(-2)*-8 - -4. Suppose 0*d + 41 = -5*q + 2*d, p = 3*q + 4*d + 9. Let g(i) = 4*i + 14. Determine g(q).
-14
Let j(b) = 3*b + 19. Let q(c) = -4*c**2 - c - 1. Let p be q(-1). Let f be j(p). Let z be 10/40 + f/4. Let x(a) = -a**2 + 3*a + 1. Give x(z).
3
Let d(o) = o**3 - 2*o + 5. Let v be 50/15*(-6)/4. Let h(j) = -j + 2. Suppose 2*p = 4*u - 4, 2*u = -5*p - 2*u + 18. Let i(l) = p*d(l) + v*h(l). Give i(1).
3
Let j(u) = -u**2 + 2*u + 24. Suppose -80 - 56 = 34*c. Let t be (-6)/1*c/4. Give j(t).
0
Let k(y) = -y**3 + 2*y**2 + 2*y. Let g(v) = 16*v**2 + 9*v - 4. Let d(w) = -g(w) + 3*k(w). Determine d(-3).
4
Let d(n) = 2. Let a(y) = y**2 - 6*y + 9. Let o(k) = -a(k) + d(k). Let f = 210 - 204. Give o(f).
-7
Let n(h) = -h**3 + 5*h**2 - 3*h + 6. Let m be n(4). Let y(d) be the first derivative of 39 + 5*d - 1/3*d**3 + 9/2*d**2. Determine y(m).
-5
Let m(f) = 5*f - 1. Let h be (-4)/10 + (-24)/15. Let b(o) be the third derivative of -o**5/20 - o**4/4 + o**3/3 + o**2 + 3*o - 6. Let y be b(h). Give m(y).
9
Let n(z) be the third derivative of z**6/120 + z**5/6 - 7*z**4/12 - 6*z**3 - 616*z**2 - z. Determine n(-11).
-3
Let z(m) = -2*m - 118 - 2*m**2 + 242 - 2*m**3 - 118. What is z(2)?
-22
Let x(j) = 28*j + 9. Let z be 2/(222/(-327)) - 22/407. What is x(z)?
-75
Suppose -2*m + 40 = 4*t, -3*t + t = -4*m + 40. Let y(d) = -77*d**2 - 94*d**2 - 33*d**2 - 12*d + 205*d**2 + 6. Determine y(m).
6
Let p(m) be the first derivative of m**4/4 + 16*m**3/3 + 3*m**2 + 84*m - 1140. Calculate p(-16).
-12
Let b(x) be the third derivative of -5/3*x**3 + 0*x + 63*x**2 + 1/24*x**4 + 0. Calculate b(5).
-5
Let g(b) = b + 4. Let a(m) = -2*m - 24 + 5*m + m. Let f be a(5). Let i(s) = 2*s + 13. Let j be i(f). What is g(j)?
9
Let x(j) be the third derivative of j**6/120 + 9*j**5/20 - 15*j**4/4 - 2*j**3/3 - j**2 + 3*j - 11. What is x(-30)?
-4
Let h(b) = b**3 - 13*b**2 - 13*b - 9. Let x(j) = 14*j**3. Let c be (-10)/(-6)*8/((-120)/(-9)). Let k be x(c). Calculate h(k).
5
Let t be (20/(420/(-329)) - -3)*(-6)/4. Let s(g) = -g**2 + 17*g + 27. Determine s(t).
-11
Let o(c) = -c**3 - 10*c**2 - 13*c - 11. Let b(h) = -h**3 - 10*h**2 - 13*h - 11. Let m(d) = -6*b(d) + 7*o(d). Suppose 13*f = 9*f - 36. What is m(f)?
25
Let v(z) be the second derivative of -35*z**3/6 + 440*z**2 - 17*z + 31. Determine v(25).
5
Suppose -f + 2*f = 3. Let p(k) = k + 3 + k - 3*k + 2*k. Let g(y) = y + 3. Let h(b) = f*p(b) - 4*g(b). Give h(-7).
4
Let i(g) = -12*g + 3222*g**2 + 3219*g**2 - 39 - 6442*g**2. Give i(-9).
-12
Let j(l) = l - 2. Let z = -30 + -331. Let c = -358 - z. What is j(c)?
1
Let n(w) = -w**2 - 50*w + 1167. Let x be n(17). Let y(l) = 2*l**2 - 63*l + 190. Determine y(x).
-6
Let b(n) =